hat is s(-5)?
20
Let t(i) = 22*i**3 - 2*i**3 + 2 + 8*i**2 + 4*i - 8*i**3 - 10*i**3 + 7*i**3. Calculate t(-1).
-3
Let r(z) = -4*z - 12. Let w be -1*7/(-2)*(-14)/(-70)*-10. Calculate r(w).
16
Let v(c) = c**2 - 9*c - 11. Let b = -46 - -64. Suppose 3*t - 8 = 2*t + y, y = 2*t - b. Determine v(t).
-1
Let w(j) = -38*j - 28. Let f(h) = -11*h + 9 - 17*h - 12*h + 52*h. Let l(b) = -10*f(b) - 3*w(b). Calculate l(-8).
42
Let s(b) = -19*b + 1787. Let j be s(93). Let g(q) = -q**3 + 23*q**2 - 62*q + 36. What is g(j)?
-4
Let n = 1 - 6. Suppose 14*t - 15*t = 4*z - 51, -2*t - z + 67 = 0. Let a(b) = -15 - 3*b + t - 8 - 14. Give a(n).
9
Suppose 0 = 2*k - m - 27, -14*k - 2*m + 187 = -7*m. Let v(a) = -2*a**2 + 26*a - 8. What is v(k)?
-8
Suppose 14*k - 30 = -114. Let x(o) = -5 + 0 + 0 + o**2 + 4*o + 3. What is x(k)?
10
Let t = -208 - -211. Let h(w) = 18*w**2 - 61*w**2 - t + 25*w**2 + 19*w**2 - 3*w. Let p(c) = -c**3 - 2*c**2 - 3*c - 1. Let q be p(-2). What is h(q)?
7
Let j = -7724 + 7718. Let a(z) = 2*z**3 + 11*z**2 - 6*z + 7. Calculate a(j).
7
Let u(s) be the third derivative of -1/6*s**3 - 5*s**2 + 0*s + 1/24*s**4 - 9. Determine u(3).
2
Let g(i) = -7*i**2 + 10*i - 2. Let w(t) = -t**2 + t - 1. Let h(n) = g(n) - 6*w(n). Suppose 11*u - 15686 = -15642. Give h(u).
4
Let j(m) = m**2 + 2*m - 9. Suppose -5*f + 28 + 7 = 0. Suppose f*v = -5*v - 48. What is j(v)?
-1
Let a(p) = -4*p + 7 - 20*p + 59*p + 2*p**2 + 5 - 18*p. Determine a(-11).
67
Suppose 0 = 5*j + 5*n - 300, 3*n - 9 = -15. Suppose 13*t = -68 - j. Let r(a) = -a**2 - 9*a - 10. Give r(t).
-20
Let j(w) = 10*w - 19. Let m be (-3)/2*2696/(-1011). Give j(m).
21
Let g(v) = v - 13. Let w be (-2)/6 + (-320)/(-6). Suppose 0 = -4*y + 4, 0 = -30*z + 35*z - 3*y - 142. Suppose -z + w = 4*a. Determine g(a).
-7
Let v = 215 - 195. Let p(k) = k + 38. Let j be p(-23). Suppose 0 = j*u - v*u + 35. Let i(q) = -q**2 + 9*q + 3. Give i(u).
17
Let k(q) = -47*q. Let b be k(1). Let g = -39 - b. Let x(p) = -2*p**2 - g + 6 - 2*p + p**3 + 4*p**2. Give x(2).
10
Let m(i) = -i - 3. Let t(k) = 3*k + 9. Let x(j) = 7*m(j) + 2*t(j). Let b = 2 - 8. Let l be (32/18 - b/27) + 4. Give x(l).
-9
Let a(x) be the first derivative of x**3/6 - 3*x**2/2 - 7*x - 136. Let l(g) be the first derivative of a(g). Determine l(-6).
-9
Let v(w) be the first derivative of 8/3*w**3 - 1/4*w**4 + 5*w**2 - 11*w - 88. Let b be 6 + 1*6/2. Calculate v(b).
-2
Let n be 102/18 + (-4)/6. Let b(i) be the second derivative of -i**5/20 + i**4/3 + i**3/2 - 7*i**2/2 + 3*i + 9. What is b(n)?
-17
Let k(t) = t + 17. Let y(r) = -r**2 - 20*r - 47. Let u be y(-9). Let j = -52 + u. What is k(j)?
17
Let j(d) = -3*d**2 + 30*d - 26. Let c = 24120 - 24111. Calculate j(c).
1
Let l be 8/((-32)/(-12)) - (-12 - -11). Let u(v) = 25*v - 93. Determine u(l).
7
Let l(w) = -44*w + 4. Let n(r) = 13*r - 2. Let m(k) = -4*l(k) - 13*n(k). Determine m(-4).
-18
Let p be (10/35)/((-2)/(-182)). Suppose 3*u - u - p = 0. Let r(b) = b**2 - 14*b + 17. Let q be r(u). Let i(k) = -k**3 + 3*k**2 + 4. Determine i(q).
-12
Let a = -1410 - -850. Let r be (13 + a/42)/((-1)/(-12)). Let d(g) = g**2 - 2*g - 1. Determine d(r).
23
Let z(s) = -s**2 + 10*s + 13. Suppose 0 = -8*b + 24*b - 48. Suppose -n = -5*o + 63, 15 = -b*n - 2*n. What is z(o)?
-11
Let i(b) = 57*b - 1. Let j be i(-1). Let v = -60 - j. Let u be v/(-4) + 2/(4/11). Let f(k) = k**3 - 6*k**2 - 4. Calculate f(u).
-4
Suppose -21*j + 77 + 7 = 0. Let n(t) = -47*t**2 + 48*t**2 + 6*t - 7*t - 2. What is n(j)?
10
Let x(w) = -w**2 + 12*w + 3. Let f be x(13). Let j = 2 + f. Let m be (-104)/(-39)*(-18)/j. Let t(b) = b**3 - 7*b**2 + 7*b + 4. Give t(m).
10
Let w(a) = a**2 + 2*a - 4. Suppose -3*p + 3 = -8*x + 5*x, -3*p = -2*x - 5. What is w(x)?
4
Suppose -345 = -114*y - 4*y + 9. Let i(m) be the second derivative of 0 - 1/12*m**4 - 30*m - 3*m**2 + m**y. What is i(6)?
-6
Let t(n) = 5*n**2 - 3*n - 27. Let q(p) = 4*p**2 - 7*p - 26. Let a(g) = -4*q(g) + 3*t(g). Let i(b) be the first derivative of a(b). Determine i(14).
-9
Let k(u) be the first derivative of -3*u**2/2 + 39*u - 3742. Calculate k(12).
3
Let o(v) = -v**3 + 5*v**2 - 3*v + 2. Let b be -30*(575/(-15))/(-5). Let l = -38 - b. Let k be l/(-72)*-3*1/2. Determine o(k).
6
Let d(s) be the first derivative of -2*s**3/3 - 10*s**2 + 5*s + 261. Calculate d(-10).
5
Let j(p) = -159*p**2 - 106*p**2 + 264*p**2 + 2*p. Determine j(3).
-3
Suppose 34*a = 21*a + 117. Let j be (-5)/10 - 37/(-2). Let m be ((-6)/a - 6/j)*0. Let q(g) = -g - 18. Calculate q(m).
-18
Suppose -90 = -15*a - 60. Let o(v) be the third derivative of -v**4/8 + v**3/6 - 2*v**2 - 19*v. Calculate o(a).
-5
Let j(b) = 7*b**2 - 3*b**2 - b + 1 + 3*b. Let r be -3*(-6)/(-27)*-9. Suppose 0 = -z - z + 2*v + r, -3*z - 15 = 3*v. Give j(z).
3
Let o(d) = -3*d + 28. Let p = 56 + -47. Let y be o(p). Let l = y - 5. Let v(q) = 2*q - 2. What is v(l)?
-10
Let c(o) be the first derivative of o**4/4 + 4*o**3/3 - 7*o**2/2 - 9*o - 291. Calculate c(-6).
-39
Let n be (-6)/(-9)*(1288/80 + (-39)/15). Let w(t) = -4*t**2 + 42*t - 15. What is w(n)?
39
Let y(a) = 25*a - 136. Let f(k) = 102*k - 552. Let c(x) = -4*f(x) + 17*y(x). What is c(4)?
-36
Let o(y) be the first derivative of -y**4/4 + 16*y**3/3 - 15*y**2 + 32*y + 727. Calculate o(14).
4
Let j(m) be the third derivative of -m**5/10 - 35*m**4/24 + 7*m**3/3 + 3856*m**2 + m. Calculate j(-6).
8
Let b = 447 + -404. Let z(h) = 74 - b + h - 36. Give z(-9).
-14
Let q(g) = g**3 + 5*g**2 - 3*g - 10. Suppose -5 = 4*v - 21. Suppose 3*a + 5*x + 0 - 10 = 0, -v*a = x + 15. Determine q(a).
5
Let l(n) = -n**3 - 9*n**2 + 2*n - 3. Let t be l(-9). Let u = 23 + t. Let v(g) = g**3 - 77 - 2*g**3 + g**u + 60. What is v(0)?
-17
Suppose 0 = i + 4*i - 5. Let d be 7/(245/10) + (-6)/21. Let y = i - d. Let h(a) = 9*a**3 - a**2 + 1. Calculate h(y).
9
Let b be ((-18)/(-10))/((-5)/25). Let j(f) = f**2 + 68 + 3*f - 2*f + 10*f - 56. Give j(b).
-6
Let u(d) = d**2 - 8*d + 2. Let q(v) = -v**2 - 110*v + 819. Let i be q(7). Calculate u(i).
2
Suppose -3*p + 3*b - 5*b + 18 = 0, 5*b = 0. Suppose 0 = -3*f + p. Let h(a) = -3 - 158*a + f + 151*a. Determine h(1).
-8
Let f(c) = 12*c + 7. Let w be f(-4). Let z = w - -50. Let y(u) be the third derivative of -u**4/24 + 2*u**3 + 12*u**2. Give y(z).
3
Let u(o) = -o**2 + o - 2. Let k(b) = b**2 - 2*b + 2. Suppose 7*c - 7 = 21. Suppose -3*m + 5 = -10. Let v(s) = c*k(s) + m*u(s). What is v(-2)?
0
Suppose 5*d = 4*v, 2*d + 2*v - 12 - 6 = 0. Suppose d*p = -g - 2*g - 19, -5*g + 11 = -4*p. Let k(q) = 13*q + 1. Determine k(g).
-12
Suppose -11*y + 4220 = 5*r - 16*y, 838 = r + 2*y. Let t(j) = -2*j + r - j - 852. Calculate t(-4).
2
Let s(v) = 2*v + 1. Let k(c) = -c**2 - 39*c - 24. Let o be k(-26). Let p = o + -312. What is s(p)?
5
Let d(c) = -c**3 - 19*c**2 - 2*c + 16. Let h be d(-19). Let z(i) = 107 - 50 + i**3 - i - h - i**2 + 0*i**3. Determine z(-3).
-30
Let w(k) = 517*k - 2065. Let j be w(4). Let o(u) be the third derivative of -1/60*u**5 - 5/6*u**j + 0*u - 21*u**2 + 0 + 7/24*u**4. Calculate o(5).
5
Let l(b) be the third derivative of b**6/60 - b**5/4 - b**4/8 - 97*b**2 - 1. Calculate l(7).
-70
Let b(t) = -2 + 5 + 5*t + 5*t - 2 + 8. What is b(0)?
9
Let c(l) = -494 - 252*l + 578 + 228*l. Give c(3).
12
Let g(z) be the first derivative of -z**2 + 2*z + 87. Let c(n) = -n**2 + 6*n + 29. Let u be c(9). Give g(u).
-2
Let v = 126 + -120. Let g(z) = -z**2 + 9*z + 19. Give g(v).
37
Let n(p) = p + 5. Suppose -3*v - 11 = -2. Let q(s) = s + 1. Let c(z) = -z - 1. Let a(j) = v*c(j) - 4*q(j). Let f(h) = 2*a(h) + n(h). Calculate f(7).
-4
Let h(v) be the third derivative of -v**6/120 - 2*v**5/15 - v**4/12 - 2*v**3/3 + 45*v**2. Suppose 3*m = -5*g - 21, -8*g = 2*m - 3*g + 14. Give h(m).
-39
Let v(h) = -h**2 - 4*h - 4. Suppose -3553 = -4*k - 13*k. Let b = -214 + k. Determine v(b).
-9
Let l(v) = -v**3 + 3*v**2 - 1. Let g be ((-6)/14)/((-9)/6)*(108 + -101). Give l(g).
3
Let p(l) = -l**2 + 12*l + 109. Suppose 16*w - 20*w + 2*o - 22 = 0, -5*w - 53 = 23*o. Give p(w).
1
Let i(g) = -7*g + 8. Let j(z) = 8*z - 9. Let w(s) = 7*i(s) + 6*j(s). Let t(x) = 34*x - 1736. Let b be t(51). Give w(b).
4
Let j(t) be the third derivative of -t**4/12 + 5*t**3/3 - 50616*t**2. Let q be (-1)/(-3) + 1/(-3). What is j(q)?
10
Let h(k) = 127*k + 6 - 42*k - 79*k - k**2. Calculate h(4).
14
Let g(w) = w**2 - 10*w - 151. 